{"id":422,"date":"2012-04-07T07:42:11","date_gmt":"2012-04-07T07:42:11","guid":{"rendered":"https:\/\/kaernten-ferienwohnungen.com\/blog\/?page_id=422"},"modified":"2015-01-27T14:09:43","modified_gmt":"2015-01-27T14:09:43","slug":"bildquellennachweis","status":"publish","type":"page","link":"https:\/\/kaernten-ferienwohnungen.com\/blog\/bildquellennachweis","title":{"rendered":"Bildquellennachweis"},"content":{"rendered":"<p>Die Fotos in unserem Blog wurden zur Verf\u00fcgung gestellt von der K\u00e4rnten Werbung.<br \/>\nMaria W\u00f6rth:<br \/>\n\u00a9 Bildarchiv W\u00f6rthersee Tourismus GmbH<br \/>\nGro\u00dfglockner Hochalmstra\u00dfe:<br \/>\n\u00a9 K\u00e4rnten Werbung \u2013 B\u00f6hringer<br \/>\nMalta Hochalmstra\u00dfe:<br \/>\n\u00a9 K\u00e4rnten Werbung \u2013 Kuhl<br \/>\nRosental:<br \/>\n\u00a9 W\u00f6rthersee Tourismus &#8211; J\u00f6rg Schm\u00f6e<\/p>","protected":false},"excerpt":{"rendered":"<p>Die Fotos in unserem Blog wurden zur Verf\u00fcgung gestellt von der K\u00e4rnten Werbung. Maria W\u00f6rth: \u00a9 Bildarchiv W\u00f6rthersee Tourismus GmbH Gro\u00dfglockner Hochalmstra\u00dfe: \u00a9 K\u00e4rnten Werbung \u2013 B\u00f6hringer Malta Hochalmstra\u00dfe: \u00a9 K\u00e4rnten Werbung \u2013 Kuhl Rosental: \u00a9 W\u00f6rthersee Tourismus &#8211; J\u00f6rg Schm\u00f6e<\/p>\n","protected":false},"author":1,"featured_media":0,"parent":0,"menu_order":0,"comment_status":"open","ping_status":"open","template":"","meta":[],"_links":{"self":[{"href":"https:\/\/kaernten-ferienwohnungen.com\/blog\/wp-json\/wp\/v2\/pages\/422"}],"collection":[{"href":"https:\/\/kaernten-ferienwohnungen.com\/blog\/wp-json\/wp\/v2\/pages"}],"about":[{"href":"https:\/\/kaernten-ferienwohnungen.com\/blog\/wp-json\/wp\/v2\/types\/page"}],"author":[{"embeddable":true,"href":"https:\/\/kaernten-ferienwohnungen.com\/blog\/wp-json\/wp\/v2\/users\/1"}],"replies":[{"embeddable":true,"href":"https:\/\/kaernten-ferienwohnungen.com\/blog\/wp-json\/wp\/v2\/comments?post=422"}],"version-history":[{"count":6,"href":"https:\/\/kaernten-ferienwohnungen.com\/blog\/wp-json\/wp\/v2\/pages\/422\/revisions"}],"predecessor-version":[{"id":1217,"href":"https:\/\/kaernten-ferienwohnungen.com\/blog\/wp-json\/wp\/v2\/pages\/422\/revisions\/1217"}],"wp:attachment":[{"href":"https:\/\/kaernten-ferienwohnungen.com\/blog\/wp-json\/wp\/v2\/media?parent=422"}],"curies":[{"name":"wp","href":"https:\/\/api.w.org\/{rel}","templated":true}]}}